{"id":1263,"date":"2020-01-02T12:05:27","date_gmt":"2020-01-02T12:05:27","guid":{"rendered":"http:\/\/aiki-jitsu.hu\/aiki-jitsu\/uj\/?page_id=1263"},"modified":"2022-08-24T12:54:02","modified_gmt":"2022-08-24T12:54:02","slug":"okinawa-kobudo-tortenete-matayoshi-csalad","status":"publish","type":"page","link":"http:\/\/aiki-jitsu.hu\/aiki-jitsu\/okinawa-kobudo-tortenete-matayoshi-csalad\/","title":{"rendered":"Okinawa Kobudo t\u00f6rt\u00e9nete &#8211; Matayoshi Csal\u00e1d"},"content":{"rendered":"\n<h3 class=\"wp-block-heading\">Okinawa Kobudo t\u00f6rt\u00e9nete &#8211; Matayoshi Csal\u00e1d<\/h3>\n\n\n\n<p><strong>Az alap\u00edt\u00f3 Matayoshi csal\u00e1d<\/strong><\/p>\n\n\n\n<p><strong>A Matayoshi csal\u00e1d tagjai 1879-ig a Shizoku (nemesi \u00e1g) oszt\u00e1lyhoz tartoztak. Egyik\u00fck Okinawa k\u00fcl\u00f6nb\u00f6z\u0151 agr\u00e1rterm\u00e9keinek (pl. cukorn\u00e1d) a termeszt\u00e9s\u00e9r\u0151l v\u00e1lt ismertt\u00e9n&nbsp;<\/strong><strong>Shinko Matayoshi (1888 -1947)<\/strong><\/p>\n\n\n\n<div class=\"wp-block-image\"><figure class=\"alignleft\"><img loading=\"lazy\" decoding=\"async\" width=\"150\" height=\"177\" src=\"http:\/\/aiki-jitsu.hu\/aiki-jitsu\/uj\/wp-content\/uploads\/2020\/01\/matayoshishinko.gif\" alt=\"\" class=\"wp-image-1365\"\/><\/figure><\/div>\n\n\n\n<p>Matayoshi Shinko, a Shizoku csal\u00e1d nemesi \u00e1g\u00e1nak egyike, Kainohana (Naha) Matayoshi Shinchin harmadik fiak\u00e9nt sz\u00fcletett. M\u00e1r gyermekkor\u00e1ban elkezdte tanulni az okinawai fegyverek haszn\u00e1lat\u00e1t: a bo-t, az eku-t, a kama-t \u00e9s a Sai-t. Tan\u00e1ra Agena Shokuho volt Gushikaw\u00e1b\u00f3l. K\u00e9s\u0151bb tov\u00e1bbk\u00e9pezte mag\u00e1t a tonfa \u00e9s a nunchaku m\u0171v\u00e9szet\u00e9ben.<\/p>\n\n\n\n<p>Az \u00e9vsz\u00e1zad kezdet\u00e9n (1911) \u00e1tutazott \u00c9szak-Jap\u00e1nba, majd K\u00edn\u00e1ba, hogy harcm\u0171v\u00e9szeti tud\u00e1s\u00e1t elm\u00e9ly\u00edtse. Mandzs\u00fari\u00e1ban hegyi bandit\u00e1k csoportj\u00e1ba ker\u00fclt, ahol a lovagl\u00e1s, lassz\u00f3dob\u00e1s, shurikenjutsu \u00e9s az \u00edj\u00e1szat elsaj\u00e1t\u00edt\u00e1s\u00e1t seg\u00edtette.<\/p>\n\n\n\n<p>1915-ben visszat\u00e9rt Jap\u00e1nba \u00e9s bemutatta harcm\u0171v\u00e9szet\u00e9t Funakoshi Gichin-nel Toki\u00f3ban, k\u00e9s\u0151bb bemutat\u00f3kat tartott kort\u00e1rsaival (Go Kenki, Mabuni Kenwa, Funakoshi Gichin \u00e9s Motobu Choki) Osak\u00e1ban, Toki\u00f3ban \u00e9s Kyotoban.<\/p>\n\n\n\n<p>De valami \u00fajra K\u00edn\u00e1ba vonzotta. Sanghaiba utazott, ahol tagja lett az ismert Jing Wu Szervezetnek a jap\u00e1n Seibukanban. Sanghaiban megtanulta a Timbe, a Surujin, a Nuntibo m\u0171v\u00e9szet\u00e9t, a Fukien Shaolin-quan st\u00edlust, ismertebb nev\u00e9n Kingai-noon (Hakutsuru-ken). Ott elsaj\u00e1t\u00edtotta a k\u00ednai gy\u00f3gyn\u00f6v\u00e9ny-orvosl\u00e1st \u00e9s az akupunkt\u00far\u00e1t is.<\/p>\n\n\n\n<p>1935-ben visszat\u00e9rt Okinaw\u00e1ra \u00e9s elkezdte t\u00f6bb okinawai mesterrel egy\u00fctt a mag\u00e1val hozott technik\u00e1k r\u00e9szletes tanulm\u00e1nyoz\u00e1s\u00e1t \u00e9s rendszerez\u00e9s\u00e9t. A sokoldal\u00fa forr\u00e1sokon, Matayoshi Shinko tapasztalatain kereszt\u00fcl az Okinawai Kobudo sok \u00faj felismer\u00e9ssel \u00e9s tud\u00e1sanyaggal gazdagodott.<\/p>\n\n\n\n<p><strong>Shinpo Matayoshi (1921 \u2013 1997)<\/strong><\/p>\n\n\n\n<div class=\"wp-block-image\"><figure class=\"alignleft\"><img loading=\"lazy\" decoding=\"async\" width=\"187\" height=\"300\" src=\"http:\/\/aiki-jitsu.hu\/aiki-jitsu\/uj\/wp-content\/uploads\/2020\/01\/matayoshishinpo-187x300.gif\" alt=\"\" class=\"wp-image-1366\"\/><\/figure><\/div>\n\n\n\n<p>Shinpo Matayoshi, Shinko legid\u0151sebb fia. Napjainkban is a kobudo legnagyobb szak\u00e9rt\u0151jek\u00e9nt tartj\u00e1k sz\u00e1mon. Csal\u00e1dj\u00e1ban n\u00e9h\u00e1ny technik\u00e1t legal\u00e1bb 400 \u00e9ven \u00e1t az ap\u00e1k a fiaiknak adtak tov\u00e1bb.<\/p>\n\n\n\n<p>1921 december\u00e9ben egy nemesi \u00e9s j\u00f3m\u00f3d\u00fa csal\u00e1d sarjak\u00e9nt Okinaw\u00e1ban sz\u00fcletett. Apja ir\u00e1ny\u00edt\u00e1sa alatt kezdte a k\u00fcl\u00f6nb\u00f6z\u0151 harcm\u0171v\u00e9szeti st\u00edlusok gyakorl\u00e1s\u00e1t. Abban az id\u0151ben Shinko Matayoshi h\u00e1rom k\u00fcl\u00f6nb\u00f6z\u0151 dojoban tan\u00edtott Kadena, Chatan \u00e9s Naha helys\u00e9gekben. \u00c9let\u00e9nek els\u0151 n\u00e9gy \u00e9v\u00e9ben Shinpo a Nahai dojot l\u00e1togatta, ahol apja tan\u00edtv\u00e1nyait edz\u00e9s k\u00f6zben l\u00e1thatta. H\u00e9t\u00e9ves kor\u00e1ra t\u00f6k\u00e9letesen tudott m\u00e1r \u00f6t formagyakorlatot. 1928-ban Chotoku Kyan (Shuri-Te, Tomari-Te) mester karatebemutat\u00f3ja ut\u00e1n Go-Genki mester tan\u00edtott, egy Jap\u00e1nban meghonos\u00edtott k\u00ednai, fukieni Gru-Bianca st\u00edlusban (1938). Ezut\u00e1n a Goju st\u00edlust tanulta Seku Higa mester keze alatt, a Chojun-Myagi st\u00edlus alap\u00edt\u00f3j\u00e1nak legid\u0151sebb tan\u00edtv\u00e1ny\u00e1t\u00f3l.<\/p>\n\n\n\n<p>1957-t\u0151l 1959-ig Kawasaki v\u00e1ros\u00e1ban tan\u00edtott. 1960-t\u00f3l Kobudot tan\u00edtott Higa mester dojoj\u00e1ban. Kedvelt tan\u00edtv\u00e1nyai k\u00f6z\u00fcl n\u00e9h\u00e1nynak megtan\u00edtotta a Kingai-Ryu technik\u00e1it is. Ezen \u00e1g oktat\u00e1s\u00e1t 1970-ig tal\u00e1lhatjuk meg a r\u00e9gi anyagokban, a kat\u00e1n kereszt\u00fcl a haszn\u00e1latig, fokozatok \u00e9s \u00f6vek n\u00e9lk\u00fcl.<\/p>\n\n\n\n<p>1970-ben alap\u00edtotta Shinpo a Kobudo Sz\u00f6vets\u00e9get (Ryukyu Kobudo Renmei), ami ortodox oktat\u00e1si m\u00f3dj\u00e1n kereszt\u00fcl a tanul\u00f3 test\u00e9re \u00e9s szellem\u00e9re kiterjed\u0151, a kibontakoz\u00e1s l\u00e9tez\u0151 erk\u00f6lcsi \u00e9rt\u00e9keit k\u00f6z\u00e9ppontba helyezi. \u00cdgy lett az autentikus Kobudo \u00fatj\u00e1n Okinaw\u00e1n \u00e9s Jap\u00e1non \u00e1t v\u00e9g\u00fcl az eg\u00e9sz vil\u00e1gon elismert.<\/p>\n\n\n\n<p><img loading=\"lazy\" decoding=\"async\" src=\"http:\/\/aiki-jitsu.hu\/aiki-jitsu\/uj\/wp-content\/uploads\/2020\/01\/suruchinShinpoMatayoshi.jpg\" alt=\"\" width=\"64\" height=\"93\">1972-ben iskol\u00e1j\u00e1t a jap\u00e1n korm\u00e1ny az \u00e1ltala adom\u00e1nyozott \u00faj n\u00e9vvel: Zen Okinawa Kobudo Renmei t\u00fcntette ki, mint egyetlen okinawai \u00e9s egyed\u00fcli Kobudo-mester Okinaw\u00e1b\u00f3l csatlakozott a Dai Nippon Budokukai-hoz, a Jap\u00e1n Harcm\u0171v\u00e9sz Mesterek Sz\u00f6vets\u00e9g\u00e9hez, ahol az eln\u00f6k alap\u00edt\u00e1sa \u00f3ta a cs\u00e1sz\u00e1ri csal\u00e1d egy tagja volt.<\/p>\n\n\n\n<p>1987-ben adom\u00e1nyozta neki \u0150 cs\u00e1sz\u00e1ri Fels\u00e9ge Higahi Fujimi Jigo, a Dai Nippon Budokukai eln\u00f6ke a 10. dan Hanshi fokozatot.<\/p>\n\n\n\n<p>Nem sokkal hal\u00e1la el\u0151tt 1997 szeptember\u00e9ben saj\u00e1t dojoj\u00e1ban, Nah\u00e1ban tan\u00edtott (Kodokan-t) naponta gyakorolta a Kobudo-t \u00e9s s\u0171r\u0171n ment k\u00fclf\u00f6ldi k\u00f6rutakra a Dai Nippon Budokukai szervezet megb\u00edzottjak\u00e9nt a harcm\u0171v\u00e9szeteket terjeszteni vil\u00e1gszerte.<\/p>\n\n\n\n<p>Mester\u00fcnk, Hanshi Johnny Bernaschewice Shinpo Matayoshi szem\u00e9lyes tan\u00edtv\u00e1nyak\u00e9nt az eredeti Matayoshi st\u00edlust \u0151rzi munk\u00e1ja sor\u00e1n, \u00edgy alkalmunk ny\u00edlik ezt gyakorolni \u00e9s tan\u00edtani edz\u00e9seinken.<\/p>\n","protected":false},"excerpt":{"rendered":"<p>Okinawa Kobudo t\u00f6rt\u00e9nete &#8211; Matayoshi Csal\u00e1d Az alap\u00edt\u00f3 Matayoshi csal\u00e1d A Matayoshi csal\u00e1d tagjai 1879-ig a Shizoku (nemesi \u00e1g) oszt\u00e1lyhoz<\/p>\n","protected":false},"author":1,"featured_media":0,"parent":0,"menu_order":0,"comment_status":"closed","ping_status":"closed","template":"","meta":{"colormag_page_container_layout":"default_layout","colormag_page_sidebar_layout":"default_layout","footnotes":""},"class_list":["post-1263","page","type-page","status-publish","hentry"],"_links":{"self":[{"href":"http:\/\/aiki-jitsu.hu\/aiki-jitsu\/wp-json\/wp\/v2\/pages\/1263","targetHints":{"allow":["GET"]}}],"collection":[{"href":"http:\/\/aiki-jitsu.hu\/aiki-jitsu\/wp-json\/wp\/v2\/pages"}],"about":[{"href":"http:\/\/aiki-jitsu.hu\/aiki-jitsu\/wp-json\/wp\/v2\/types\/page"}],"author":[{"embeddable":true,"href":"http:\/\/aiki-jitsu.hu\/aiki-jitsu\/wp-json\/wp\/v2\/users\/1"}],"replies":[{"embeddable":true,"href":"http:\/\/aiki-jitsu.hu\/aiki-jitsu\/wp-json\/wp\/v2\/comments?post=1263"}],"version-history":[{"count":5,"href":"http:\/\/aiki-jitsu.hu\/aiki-jitsu\/wp-json\/wp\/v2\/pages\/1263\/revisions"}],"predecessor-version":[{"id":1814,"href":"http:\/\/aiki-jitsu.hu\/aiki-jitsu\/wp-json\/wp\/v2\/pages\/1263\/revisions\/1814"}],"wp:attachment":[{"href":"http:\/\/aiki-jitsu.hu\/aiki-jitsu\/wp-json\/wp\/v2\/media?parent=1263"}],"curies":[{"name":"wp","href":"https:\/\/api.w.org\/{rel}","templated":true}]}}